 -2*z + 3*l, -b*z + 29 = 5*l - 0*l. What is the tens digit of (-2)/4 - (-473)/z?
2
Suppose -22 = -2*s - 4*h, -5*s + 1 = -2*h - 6. Suppose s*y = -v - 2*y - 6, 3*y + 7 = -4*v. Let q = v + 2. What is the units digit of q?
1
Suppose y + 2*j - 355 = 315, 0 = 5*y - j - 3394. What is the hundreds digit of y?
6
Let t(v) = v**2 + 9*v + 18. Suppose 21 = 3*l - 3*i + 4*i, 3*i = 3*l - 9. Suppose l*u - u + 55 = -h, 3*h - 39 = 2*u. What is the tens digit of t(u)?
5
Let c(r) = 10*r - 8. Let h be c(4). Suppose -3*z + h - 2 = 0. Let v = z + -5. What is the units digit of v?
5
Let m(y) = y**3 + 2*y**2 + 2. Let j be m(-2). Suppose 47 = 2*b + 2*b - q, -3*q = -5*b + 64. Let s = b + j. What is the units digit of s?
3
Suppose p = 479 - 58. What is the hundreds digit of p?
4
Let g(j) be the first derivative of -27*j**2/2 + 6. What is the tens digit of g(-2)?
5
Let v(m) = 9*m**2 - 4*m - 5. Let r be v(-2). Suppose -6*g = -g - 25. Suppose -g*s + r = -346. What is the units digit of s?
7
Let p(z) = -z**2 + 5*z. Let g be p(4). Suppose -2*f + g*w - 5 = f, -f - 2*w = 15. What is the units digit of (1 - 3)*f + -2?
2
Let a(g) = 3*g**2 + g - 6. Let x be a(-4). Suppose -4*u = -z - 275, -2*u + 5*z + x + 77 = 0. What is the tens digit of u?
7
Let w(x) = 575*x**3 - 2*x**2 - x + 1. What is the units digit of w(1)?
3
Let b(q) = 3*q - 2. Let g be b(-4). Let n be -172*(g/(-8) - 3). Suppose 11*d - n = 6*d. What is the units digit of d?
3
Suppose -4*r + 3*r = -4, 3*t - 139 = 2*r. Suppose 0 = 3*p + 3*f - 934 + t, -p - 5*f = -291. What is the units digit of p?
6
Let g(h) = 3*h + 10. Let v be g(-8). Let n(o) be the first derivative of -o**3/3 - 15*o**2/2 - o + 20. What is the units digit of n(v)?
3
Let g(x) = 2*x**2 - 15*x - 19. Suppose -3*m = 5*a - 41, 5*m + 0*m + 2*a - 62 = 0. What is the units digit of g(m)?
9
Let t be 1/(-3)*(-56 + -7). Suppose -t = -3*q - 3*a, 5*q + a = -0*q + 23. Suppose -4*r + 2*f + 82 = 0, 55 = 4*r - q*f - 29. What is the tens digit of r?
2
Let n = -25 + 25. Suppose n = 31*j - 27*j - 92. What is the units digit of j?
3
Let p be (4/(-2) - -76) + -2. Suppose -f - 64 = -4*v, -4*v + 0*v + p = f. Suppose 0 = -4*t - v + 49. What is the units digit of t?
8
Suppose 174 = 12*v - 150. Suppose 23*j - v*j + 76 = 0. What is the units digit of j?
9
Let s(b) = -b**3 + 7*b**2 + 14*b - 28. Let n(u) = -11*u - 3. Let c be n(-1). What is the units digit of s(c)?
0
Let n be (1 - 1) + (-5)/(-15)*6. Suppose -n*k = -50 - 28. What is the tens digit of k?
3
Suppose -2*n + 1107 = -1491. Suppose 3*h - 616 = -2*i, -4*h + 234 = 5*i - n. What is the tens digit of i?
0
Let n = -66 + 74. Suppose 4*h - 215 = -5*u, -5*h - 203 - 12 = -5*u. Suppose 2*t - 24 = -3*k + u, 0 = -4*t + n. What is the tens digit of k?
2
Suppose w + 6*h - 3271 = h, -3*w - 5*h = -9843. What is the tens digit of w?
8
Let x(z) = -z**2 + 13*z - 6. Let s be x(11). Suppose s*k - 1090 = 542. What is the tens digit of k?
0
Suppose 5*j - 1049 - 1677 = -x, 3*j - x = 1642. What is the tens digit of j?
4
Suppose 0 = -4*h + 7*h - 396. Suppose -3*k + 495 = h. What is the units digit of k?
1
Let m(a) = a**2 - 4*a + 8. Let c be 2 + (0 - -10) - 4. What is the tens digit of m(c)?
4
Suppose -3*k + 40 = -k. Suppose 4*p - 5*u = -29, k = -0*p - 4*p - 4*u. Let h(v) = v**2 - 5*v. What is the units digit of h(p)?
6
Let k(r) = 2*r + 14. Let p be k(9). What is the tens digit of ((-175)/28)/((-2)/p)?
0
Suppose -7*b + 8*b - 1899 = -3*g, 0 = -4*g + 4. What is the units digit of b?
6
Let k(v) be the second derivative of v**5/20 + 2*v**4/3 - v**3/3 - 3*v**2 + 20*v. What is the units digit of k(-8)?
0
Let d(k) = 2 - 4 - 5 - k**2 + 7*k. Let t be d(5). Suppose -7*z + t*z = 8, 0 = 5*l + z - 113. What is the units digit of l?
3
Let f = -762 - -1461. What is the tens digit of f?
9
Let n(a) = -32*a - 20. What is the units digit of n(-15)?
0
Suppose -3*d + 167 = 2*d + 4*x, 2*x - 136 = -4*d. Let o = d - 24. What is the tens digit of o?
1
Suppose -3*b = -12 - 0. Let q(f) = b*f - 3*f + 2*f - 2*f - 3. What is the units digit of q(6)?
3
Suppose -2*f + 3*f = 236. Suppose 9*u = f + 1231. What is the units digit of u?
3
Suppose -3*k = -22 - 11. Suppose u = k*u - 1330. What is the units digit of u?
3
What is the tens digit of (4 - 2065/(-15)) + 2/6?
4
Let f(u) = -67*u**3 + 3*u**2 + 3*u + 2. Let b = 52 - 53. What is the units digit of f(b)?
9
Let u(n) = n**2 + 13*n - 12. Let d be u(-11). Let i = 27 + d. What is the units digit of 4 - 0 - (i - 51)?
2
Let p(v) = 6*v + 3 + 6 - 2 + v**2. Let f be p(-6). What is the tens digit of (f/(-14))/(1/(-46))?
2
Suppose 5*d + 0*d - p - 20 = 0, -5*d + 5*p = -20. Suppose 4*s - 52 = d. Suppose 11 + s = 5*n. What is the units digit of n?
5
Let x = 394 + 966. What is the units digit of x?
0
Let o(i) = i**3 + 6*i**2 - 6*i + 5. Let d be o(-7). What is the tens digit of d + 2/(10/215)?
4
Let a = -1346 + 3044. What is the tens digit of a?
9
What is the units digit of 22/6 + -5*4/(-60)?
4
Let t = -88 - -138. Let k = t + 56. What is the tens digit of k?
0
Let a = 111 - -11. Let j = a - 53. Suppose 47 + j = 4*h. What is the units digit of h?
9
Let w(x) = -x**3 - 40*x**2 + 4*x + 172. What is the hundreds digit of w(-41)?
6
Suppose c - 31 = -5*s, -3*s + 10 = -5. Let y(u) = -u**3 + 6*u**2 + 7*u - 11. What is the units digit of y(c)?
1
Suppose 27*m - 45319 = 8249. What is the hundreds digit of m?
9
Let c be ((-21)/(-28))/(1 - 9/8). What is the tens digit of c/(-39) - 5820/(-26)?
2
Let f(h) be the third derivative of h**6/120 - h**5/20 - 3*h**4/8 + 2*h**3/3 + 8*h**2. What is the units digit of f(6)?
8
Suppose -158*b = -161*b + 3360. What is the units digit of b?
0
Let p be (-38)/(-8) + 1 + (-3)/4. Suppose -5*o - v = -680, 0 = -p*o - 4*v + 276 + 389. What is the hundreds digit of o?
1
Suppose -f + y + 4 = -4*y, -2*y - 88 = -4*f. Suppose -2*m = 2*t - 18, -5*m = -2*t - 0*t - f. What is the units digit of m?
6
Let s(m) = -m**3 - 4*m**2 - 8*m - 9. Let c be s(-4). Let o = c + -13. Let j(d) = d + 4. What is the units digit of j(o)?
4
Let p = 6534 + -1172. What is the hundreds digit of p?
3
What is the units digit of (-194)/(-485) + 1/(10/2286)?
9
Let s = 1044 + -695. What is the hundreds digit of ((-12)/4 - 0) + s?
3
Suppose -36*d = -44*d + 11120. What is the hundreds digit of d?
3
Let b(m) = m**2 + 14*m - 5. Let q be b(-15). Suppose 0 = -o + 2*i + i + 5, q = -o - 2*i. What is the tens digit of (o - -21) + 4/(-2)?
1
Let y(w) = -12*w - 34. Let v be y(-17). Let d = 76 + v. What is the units digit of d?
6
Let j be 19/16*4*124. Suppose -2*f = -4*p - 508, -723 = -5*f - 4*p + j. What is the tens digit of f?
6
Let g be -3*(-2 + (-14)/3). Suppose -5*d + 6 + 4 = 0. Suppose f - g = d. What is the tens digit of f?
2
Suppose 2*x = -d + 587, 0 = -4*x + 4 + 8. What is the tens digit of d?
8
Let u be 13/26 + (-6)/(-4). Suppose 3*o + u*o + 640 = 5*y, -y + 140 = -5*o. What is the tens digit of y?
2
Let j(z) = -2*z**2 + 48*z - 27. Let c(b) = -b**2 + 23*b - 13. Let v(q) = 7*c(q) - 4*j(q). What is the tens digit of v(31)?
1
Suppose -5*n + 3*h = -128, -n - 3*h + 26 = -4*h. Let i = 3 + n. What is the units digit of i?
8
Suppose 26*f - 20*f - 726 = 0. What is the units digit of f?
1
What is the hundreds digit of -7 + (1924/2 - -1)?
9
Let a(o) be the third derivative of o**5/24 - o**4/12 + 2*o**3/3 + 3*o**2. Let p(h) be the first derivative of a(h). What is the units digit of p(1)?
3
Let l = 41 - 39. Suppose 4*d - 221 = 3*r, 0 - 2 = -l*r. What is the units digit of d?
6
Suppose 22071 = 16*q - 17241. What is the thousands digit of q?
2
What is the hundreds digit of 19/7 + -3 - (-157479)/147?
0
Let b be ((-94)/(-6))/(440/(-72) - -6). What is the tens digit of 6/(-21) + b/14*-18?
8
Let t be 0 + 6 + -3 + -3. Let h = 3 - t. Suppose 6*w - 3*w = 4*m + 69, h*w + 2*m - 69 = 0. What is the tens digit of w?
2
Let w = -47 + 51. Suppose -135 = -7*a + w*a. What is the tens digit of a?
4
Let p = -38 + 47. Suppose 10*m - 191 = p*m. What is the hundreds digit of m?
1
Let r(q) = 397*q**2 + 20*q + 20. What is the hundreds digit of r(-1)?
3
Let c = 59 + -56. Suppose 5*w = -4*b + 820, 3*b + c + 12 = 0. What is the hundreds digit of w?
1
Suppose -19 = t + 4*q, 2*t = t - 5*q - 19. Let h = 29 + t. Suppose -5*b + 15 + h = 0. What is the units digit of b?
5
Suppose 4*h - q - 123 = 0, 126 = 4*h - 5*q + 3*q. S